{"id":2543,"date":"2025-07-26T08:57:34","date_gmt":"2025-07-26T08:57:34","guid":{"rendered":"https:\/\/kulkitabevi.com\/?post_type=product&#038;p=2543"},"modified":"2025-08-04T12:27:01","modified_gmt":"2025-08-04T12:27:01","slug":"takev-7-sinif-temel-set","status":"publish","type":"product","link":"https:\/\/kulkitabevi.com\/index.php\/urun\/takev-7-sinif-temel-set\/","title":{"rendered":"TAKEV 7.SINIF TEMEL SET"},"content":{"rendered":"<table style=\"height: 1205px\" width=\"1077\">\n<tbody>\n<tr>\n<td width=\"64\">\n<h3><strong>SINIF<\/strong><\/h3>\n<\/td>\n<td width=\"337\">\n<h3><strong>MALIN C\u0130NS\u0130<\/strong><\/h3>\n<\/td>\n<td width=\"175\">\n<h3><strong>YAYINEV\u0130<\/strong><\/h3>\n<\/td>\n<td width=\"76\">\n<h3><strong>F\u0130YAT<\/strong><\/h3>\n<\/td>\n<\/tr>\n<tr>\n<td>7<\/td>\n<td>MATEMAT\u0130K FAS\u0130KULLER\u0130<\/td>\n<td>FENOMEN<\/td>\n<td>\u20ba560,00<\/td>\n<\/tr>\n<tr>\n<td>7<\/td>\n<td>HEP MATEMAT\u0130K DENEME 40 LI<\/td>\n<td>H\u0130PER ZEKA<\/td>\n<td>\u20ba360,00<\/td>\n<\/tr>\n<tr>\n<td>7<\/td>\n<td>SOSYAL B\u0130LG\u0130LER AKILLI DEFTER<\/td>\n<td>ARI<\/td>\n<td>\u20ba350,00<\/td>\n<\/tr>\n<tr>\n<td>7<\/td>\n<td>SOSYAL B\u0130LG\u0130LER SORU BANKASI<\/td>\n<td>SPO\u0130LER<\/td>\n<td>\u20ba332,00<\/td>\n<\/tr>\n<tr>\n<td>7<\/td>\n<td>DEN\u0130ZC\u0130L\u0130K TAR\u0130H\u0130M\u0130Z<\/td>\n<td>\u00c7\u0130ZGE<\/td>\n<td>\u20ba180,00<\/td>\n<\/tr>\n<tr>\n<td>7<\/td>\n<td>FEN AKT\u0130F DEFTER<\/td>\n<td>YANIT<\/td>\n<td>\u20ba549,00<\/td>\n<\/tr>\n<tr>\n<td>7<\/td>\n<td>FEN A AKADEM\u0130 YEN\u0130 NES\u0130L GE\u00c7\u0130\u015e K\u0130TABI<\/td>\n<td>N\u0130TEL\u0130K<\/td>\n<td>\u20ba364,00<\/td>\n<\/tr>\n<tr>\n<td>7<\/td>\n<td>FEN SORU BANKASI<\/td>\n<td>HIZ<\/td>\n<td>\u20ba340,00<\/td>\n<\/tr>\n<tr>\n<td>7<\/td>\n<td>D\u0130NLEND\u0130REN DEFTER<\/td>\n<td>ARI<\/td>\n<td>\u20ba370,00<\/td>\n<\/tr>\n<tr>\n<td>7<\/td>\n<td>T\u00dcRK\u00c7E G\u00dc\u00c7LEND\u0130REN SORU BANKASI<\/td>\n<td>ANKARA<\/td>\n<td>\u20ba360,00<\/td>\n<\/tr>\n<tr>\n<td>7<\/td>\n<td>T\u00dcRK\u00c7E H\u0130BR\u0130T<\/td>\n<td>HIZ<\/td>\n<td>\u20ba470,00<\/td>\n<\/tr>\n<tr>\n<td>7<\/td>\n<td>T\u00dcRK\u00c7E SORU BANKASI 10 LU DENEME HED\u0130YEL\u0130<\/td>\n<td>AV<\/td>\n<td>\u20ba285,00<\/td>\n<\/tr>\n<tr>\n<td>7<\/td>\n<td>T\u00dcRK\u00c7E KONTAKT DENEME<\/td>\n<td>PARAF<\/td>\n<td>\u20ba399,00<\/td>\n<\/tr>\n<tr>\n<td>7<\/td>\n<td width=\"337\">PAL SOKA\u011eI \u00c7OCUKLARI<\/td>\n<td>YAPI KRED\u0130<\/td>\n<td>\u20ba95,00<\/td>\n<\/tr>\n<tr>\n<td>7<\/td>\n<td width=\"337\">BAY LEMEN\u00c7ELLO&#8217;NUN K\u00dcT\u00dcPHANES\u0130NDEN KA\u00c7I\u015e<\/td>\n<td>ALTIN<\/td>\n<td>\u20ba278,00<\/td>\n<\/tr>\n<tr>\n<td>7<\/td>\n<td width=\"337\">AGATHA CHRISTIE<\/td>\n<td>YAKIN<\/td>\n<td>\u20ba210,00<\/td>\n<\/tr>\n<tr>\n<td>7<\/td>\n<td width=\"337\">BENNANE&#8217;N\u0130N U\u00c7AN KOLTU\u011eU<\/td>\n<td>G\u00dcN I\u015eI\u011eI<\/td>\n<td>\u20ba215,00<\/td>\n<\/tr>\n<tr>\n<td>7<\/td>\n<td width=\"337\">SAKLI ORMAN<\/td>\n<td>BEYAZ BAL\u0130NA<\/td>\n<td>\u20ba225,00<\/td>\n<\/tr>\n<tr>\n<td>7<\/td>\n<td width=\"337\">BASKERV\u0130LLE TUHAF H\u0130KAYELER AKADEM\u0130S\u0130<\/td>\n<td>DOM\u0130NGO<\/td>\n<td>\u20ba245,00<\/td>\n<\/tr>\n<tr>\n<td>7<\/td>\n<td width=\"337\">BABAMLA ARAMDAK\u0130 6 K\u0130\u015e\u0130<\/td>\n<td>TUDEM<\/td>\n<td>\u20ba240,00<\/td>\n<\/tr>\n<tr>\n<td>7<\/td>\n<td width=\"337\">ZAMAN SANDI\u011eI<\/td>\n<td>DOM\u0130NGO<\/td>\n<td>\u20ba240,00<\/td>\n<\/tr>\n<tr>\n<td>7<\/td>\n<td width=\"337\">HAYATIMIN ROL\u00dc<\/td>\n<td>G\u00dcNI\u015eI\u011eI<\/td>\n<td>\u20ba250,00<\/td>\n<\/tr>\n<tr>\n<td><\/td>\n<td><\/td>\n<td><strong>T\u00dcRK\u00c7E K\u0130TAP TOPLAMI<\/strong><\/td>\n<td><strong>\u20ba6.917,00<\/strong><\/td>\n<\/tr>\n<tr>\n<td><strong>SINIF<\/strong><\/td>\n<td><strong>ALMANCA SET K\u0130TAPLARI<\/strong><\/td>\n<td><\/td>\n<td><\/td>\n<\/tr>\n<tr>\n<td>7<\/td>\n<td>Beste Freunde B1\/1 Kursbuch<\/td>\n<td>Hueber<\/td>\n<td>\u20ba853,00<\/td>\n<\/tr>\n<tr>\n<td>7<\/td>\n<td>Beste Freunde B1\/1 Arbeitsbuch<\/td>\n<td>Hueber<\/td>\n<td>\u20ba853,00<\/td>\n<\/tr>\n<tr>\n<td>7<\/td>\n<td>PR\u00dcFUNGSTRAINNING A2 FIT IN DEUTCH<\/td>\n<td>Cornelsen<\/td>\n<td>\u20ba1.946,00<\/td>\n<\/tr>\n<tr>\n<td><\/td>\n<td><\/td>\n<td><strong>ALMANCA K\u0130TAP TOPLAMI<\/strong><\/td>\n<td><strong>\u20ba3.652,00<\/strong><\/td>\n<\/tr>\n<tr>\n<td><strong>SINIF<\/strong><\/td>\n<td><strong>\u0130NG\u0130L\u0130ZCE SET K\u0130TAPLARI<\/strong><\/td>\n<td><\/td>\n<td><\/td>\n<\/tr>\n<tr>\n<td>7<\/td>\n<td>Harmonize 3 SB W\/OP PK<\/td>\n<td><\/td>\n<td>\u20ba2.980,00<\/td>\n<\/tr>\n<tr>\n<td>7<\/td>\n<td>Harmonize 3 WB<\/td>\n<td><\/td>\n<td>\u20ba2.450,00<\/td>\n<\/tr>\n<tr>\n<td><\/td>\n<td><\/td>\n<td>\u0130<strong>NG\u0130L\u0130ZCE K\u0130TAP TOPLAMI<\/strong><\/td>\n<td><strong>\u20ba5.430,00<\/strong><\/td>\n<\/tr>\n<tr>\n<td><strong>SINIF<\/strong><\/td>\n<td><strong>D\u0130J\u0130TAL SETLER<\/strong><\/td>\n<td><\/td>\n<td><\/td>\n<\/tr>\n<tr>\n<td>7<\/td>\n<td>DERS L\u0130G\u0130<\/td>\n<td><\/td>\n<td>\u20ba4.140,00<\/td>\n<\/tr>\n<tr>\n<td>7<\/td>\n<td>HAYAL B\u0130LG\u0130S\u0130 VE E\u011e\u0130T. S\u0130ST.D\u00dc\u015e\u00dcNCES\u0130<\/td>\n<td><\/td>\n<td>\u20ba1.175,00<\/td>\n<\/tr>\n<tr>\n<td>7<\/td>\n<td>FEN DENEY SET\u0130<\/td>\n<td><\/td>\n<td>\u20ba1.100,00<\/td>\n<\/tr>\n<tr>\n<td>7<\/td>\n<td>GLOBED ROSEN LEVELUP + ART SPOT<\/td>\n<td><\/td>\n<td>\u20ba2.720,00<\/td>\n<\/tr>\n<tr>\n<td>7<\/td>\n<td>SINAV PAKET\u0130<\/td>\n<td><\/td>\n<td>\u20ba4.250,00<\/td>\n<\/tr>\n<tr>\n<td><\/td>\n<td><\/td>\n<td><strong>D\u0130J\u0130TAL SET TOPLAMI<\/strong><\/td>\n<td><strong>\u20ba13.385,00<\/strong><\/td>\n<\/tr>\n<tr>\n<td><\/td>\n<td><\/td>\n<td><\/td>\n<td><\/td>\n<\/tr>\n<tr>\n<td><\/td>\n<td><\/td>\n<td><\/td>\n<td><\/td>\n<\/tr>\n<\/tbody>\n<\/table>\n","protected":false},"excerpt":{"rendered":"<p>SINIF MALIN C\u0130NS\u0130 YAYINEV\u0130 F\u0130YAT 7 MATEMAT\u0130K FAS\u0130KULLER\u0130 FENOMEN \u20ba560,00 7 HEP MATEMAT\u0130K DENEME 40 LI H\u0130PER ZEKA \u20ba360,00 7 SOSYAL B\u0130LG\u0130LER AKILLI DEFTER ARI \u20ba350,00 7 SOSYAL B\u0130LG\u0130LER SORU BANKASI SPO\u0130LER \u20ba332,00 7 DEN\u0130ZC\u0130L\u0130K TAR\u0130H\u0130M\u0130Z \u00c7\u0130ZGE \u20ba180,00 7 FEN AKT\u0130F DEFTER YANIT \u20ba549,00 7 FEN A AKADEM\u0130 YEN\u0130 NES\u0130L GE\u00c7\u0130\u015e K\u0130TABI N\u0130TEL\u0130K \u20ba364,00 7 [&hellip;]<\/p>\n","protected":false},"featured_media":2471,"template":"","meta":{"_acf_changed":false,"ocean_post_layout":"","ocean_both_sidebars_style":"","ocean_both_sidebars_content_width":0,"ocean_both_sidebars_sidebars_width":0,"ocean_sidebar":"","ocean_second_sidebar":"","ocean_disable_margins":"enable","ocean_add_body_class":"","ocean_shortcode_before_top_bar":"","ocean_shortcode_after_top_bar":"","ocean_shortcode_before_header":"","ocean_shortcode_after_header":"","ocean_has_shortcode":"","ocean_shortcode_after_title":"","ocean_shortcode_before_footer_widgets":"","ocean_shortcode_after_footer_widgets":"","ocean_shortcode_before_footer_bottom":"","ocean_shortcode_after_footer_bottom":"","ocean_display_top_bar":"default","ocean_display_header":"default","ocean_header_style":"","ocean_center_header_left_menu":"","ocean_custom_header_template":"","ocean_custom_logo":0,"ocean_custom_retina_logo":0,"ocean_custom_logo_max_width":0,"ocean_custom_logo_tablet_max_width":0,"ocean_custom_logo_mobile_max_width":0,"ocean_custom_logo_max_height":0,"ocean_custom_logo_tablet_max_height":0,"ocean_custom_logo_mobile_max_height":0,"ocean_header_custom_menu":"","ocean_menu_typo_font_family":"","ocean_menu_typo_font_subset":"","ocean_menu_typo_font_size":0,"ocean_menu_typo_font_size_tablet":0,"ocean_menu_typo_font_size_mobile":0,"ocean_menu_typo_font_size_unit":"px","ocean_menu_typo_font_weight":"","ocean_menu_typo_font_weight_tablet":"","ocean_menu_typo_font_weight_mobile":"","ocean_menu_typo_transform":"","ocean_menu_typo_transform_tablet":"","ocean_menu_typo_transform_mobile":"","ocean_menu_typo_line_height":0,"ocean_menu_typo_line_height_tablet":0,"ocean_menu_typo_line_height_mobile":0,"ocean_menu_typo_line_height_unit":"","ocean_menu_typo_spacing":0,"ocean_menu_typo_spacing_tablet":0,"ocean_menu_typo_spacing_mobile":0,"ocean_menu_typo_spacing_unit":"","ocean_menu_link_color":"","ocean_menu_link_color_hover":"","ocean_menu_link_color_active":"","ocean_menu_link_background":"","ocean_menu_link_hover_background":"","ocean_menu_link_active_background":"","ocean_menu_social_links_bg":"","ocean_menu_social_hover_links_bg":"","ocean_menu_social_links_color":"","ocean_menu_social_hover_links_color":"","ocean_disable_title":"default","ocean_disable_heading":"default","ocean_post_title":"","ocean_post_subheading":"","ocean_post_title_style":"","ocean_post_title_background_color":"","ocean_post_title_background":0,"ocean_post_title_bg_image_position":"","ocean_post_title_bg_image_attachment":"","ocean_post_title_bg_image_repeat":"","ocean_post_title_bg_image_size":"","ocean_post_title_height":0,"ocean_post_title_bg_overlay":0.5,"ocean_post_title_bg_overlay_color":"","ocean_disable_breadcrumbs":"default","ocean_breadcrumbs_color":"","ocean_breadcrumbs_separator_color":"","ocean_breadcrumbs_links_color":"","ocean_breadcrumbs_links_hover_color":"","ocean_display_footer_widgets":"default","ocean_display_footer_bottom":"default","ocean_custom_footer_template":"","omw_enable_modal_window":"enable"},"product_brand":[],"product_cat":[158,15],"product_tag":[157],"class_list":{"0":"post-2543","1":"product","2":"type-product","3":"status-publish","4":"has-post-thumbnail","6":"product_cat-7-sinif","7":"product_cat-genel","8":"product_tag-7-sinif","10":"entry","11":"has-media","13":"first","14":"instock","15":"taxable","16":"shipping-taxable","17":"purchasable","18":"product-type-simple","19":"col","20":"span_1_of_3","21":"owp-content-center","22":"owp-thumbs-layout-horizontal","23":"owp-btn-normal","24":"owp-tabs-layout-horizontal","25":"has-no-thumbnails"},"acf":[],"_links":{"self":[{"href":"https:\/\/kulkitabevi.com\/index.php\/wp-json\/wp\/v2\/product\/2543","targetHints":{"allow":["GET"]}}],"collection":[{"href":"https:\/\/kulkitabevi.com\/index.php\/wp-json\/wp\/v2\/product"}],"about":[{"href":"https:\/\/kulkitabevi.com\/index.php\/wp-json\/wp\/v2\/types\/product"}],"wp:featuredmedia":[{"embeddable":true,"href":"https:\/\/kulkitabevi.com\/index.php\/wp-json\/wp\/v2\/media\/2471"}],"wp:attachment":[{"href":"https:\/\/kulkitabevi.com\/index.php\/wp-json\/wp\/v2\/media?parent=2543"}],"wp:term":[{"taxonomy":"product_brand","embeddable":true,"href":"https:\/\/kulkitabevi.com\/index.php\/wp-json\/wp\/v2\/product_brand?post=2543"},{"taxonomy":"product_cat","embeddable":true,"href":"https:\/\/kulkitabevi.com\/index.php\/wp-json\/wp\/v2\/product_cat?post=2543"},{"taxonomy":"product_tag","embeddable":true,"href":"https:\/\/kulkitabevi.com\/index.php\/wp-json\/wp\/v2\/product_tag?post=2543"}],"curies":[{"name":"wp","href":"https:\/\/api.w.org\/{rel}","templated":true}]}}