{"id":3110,"date":"2025-08-02T11:37:49","date_gmt":"2025-08-02T11:37:49","guid":{"rendered":"https:\/\/kulkitabevi.com\/?post_type=product&#038;p=3110"},"modified":"2025-08-02T11:37:51","modified_gmt":"2025-08-02T11:37:51","slug":"takev-3-sinif-temel-set","status":"publish","type":"product","link":"https:\/\/kulkitabevi.com\/index.php\/urun\/takev-3-sinif-temel-set\/","title":{"rendered":"TAKEV 3.SINIF TEMEL SET"},"content":{"rendered":"<table style=\"height: 1271px\" width=\"1169\">\n<tbody>\n<tr>\n<td width=\"64\">\n<h3>SINIF<\/h3>\n<\/td>\n<td width=\"382\">\n<h3>T\u00dcRK\u00c7E K\u0130TAPLARI<\/h3>\n<\/td>\n<td width=\"175\">\n<h3>YAYINEV\u0130<\/h3>\n<\/td>\n<td width=\"76\">\n<h3>F\u0130YAT<\/h3>\n<\/td>\n<\/tr>\n<tr>\n<td>3<\/td>\n<td>HAYAT B\u0130LG\u0130S\u0130 DER\u0130N \u00d6\u011eRENME<\/td>\n<td>UYGUN<\/td>\n<td>\u20ba713,00<\/td>\n<\/tr>\n<tr>\n<td>3<\/td>\n<td>FEN B\u0130L\u0130MLER\u0130 DER\u0130N \u00d6\u011eRENME<\/td>\n<td>UYGUN<\/td>\n<td>\u20ba638,00<\/td>\n<\/tr>\n<tr>\n<td>3<\/td>\n<td>T\u00dcRK\u00c7E DER\u0130N \u00d6\u011eRENME 1 VE 2.C\u0130LT<\/td>\n<td>UYGUN<\/td>\n<td>\u20ba863,00<\/td>\n<\/tr>\n<tr>\n<td>3<\/td>\n<td>MATEMAT\u0130K DER\u0130N \u00d6\u011eRENME 1 VE 2 .C\u0130LT<\/td>\n<td>UYGUN<\/td>\n<td>\u20ba865,00<\/td>\n<\/tr>\n<tr>\n<td>3<\/td>\n<td>T\u00dcM DERSLER YANSITICI DE\u011eERLEND\u0130RME \u00c7ALI\u015eMALARI<\/td>\n<td>UYGUN<\/td>\n<td>\u20ba610,00<\/td>\n<\/tr>\n<tr>\n<td>3<\/td>\n<td>T\u00dcM DERSLER YANSITICI DE\u011eERLEND\u0130RME SINAVLARI<\/td>\n<td>UYGUN<\/td>\n<td>\u20ba860,00<\/td>\n<\/tr>\n<tr>\n<td>3<\/td>\n<td>BECER\u0130KL\u0130 MATEMAT\u0130KC\u0130<\/td>\n<td>FENOMEN<\/td>\n<td>\u20ba200,00<\/td>\n<\/tr>\n<tr>\n<td>3<\/td>\n<td>BECER\u0130KL\u0130 T\u00dcRK\u00c7EC\u0130<\/td>\n<td>FENOMEN<\/td>\n<td>\u20ba200,00<\/td>\n<\/tr>\n<tr>\n<td>3<\/td>\n<td>BECER\u0130KL\u0130 FENC\u0130<\/td>\n<td>FENOMEN<\/td>\n<td>\u20ba180,00<\/td>\n<\/tr>\n<tr>\n<td>3<\/td>\n<td>PARAGRAF MAX<\/td>\n<td>ATA<\/td>\n<td>\u20ba210,00<\/td>\n<\/tr>\n<tr>\n<td>3<\/td>\n<td>GICIR GICIR 7 L\u0130 DENEME SINAVI<\/td>\n<td>ATA<\/td>\n<td>\u20ba110,00<\/td>\n<\/tr>\n<tr>\n<td>3<\/td>\n<td>\u00c7OCUKLAR \u0130\u00c7\u0130N FELSEFE \u00d6YK\u00dcLER\u0130<\/td>\n<td>UYGUN<\/td>\n<td>\u20ba338,00<\/td>\n<\/tr>\n<tr>\n<td>3<\/td>\n<td>ZORBALIK<\/td>\n<td>EPS\u0130LON<\/td>\n<td>\u20ba168,50<\/td>\n<\/tr>\n<tr>\n<td>3<\/td>\n<td>COTTURUK DEFTERLER\u0130<\/td>\n<td>CAN<\/td>\n<td>\u20ba160,00<\/td>\n<\/tr>\n<tr>\n<td>3<\/td>\n<td>KUKLACI<\/td>\n<td>YAKIN<\/td>\n<td>\u20ba200,00<\/td>\n<\/tr>\n<tr>\n<td>3<\/td>\n<td>SAB\u0130HA G\u00d6K\u00c7EN ATAT\u00dcRK&#8217;\u00dc ANLATIYOR<\/td>\n<td>\u0130LER\u0130<\/td>\n<td>\u20ba300,00<\/td>\n<\/tr>\n<tr>\n<td>3<\/td>\n<td>\u015eAKA MAK\u0130NASI<\/td>\n<td>HEP K\u0130TAP<\/td>\n<td>\u20ba200,00<\/td>\n<\/tr>\n<tr>\n<td>3<\/td>\n<td>ACI B\u0130BER\u0130N ACIKLI H\u0130KAYES\u0130<\/td>\n<td>\u0130THAK\u0130<\/td>\n<td>\u20ba140,00<\/td>\n<\/tr>\n<tr>\n<td>3<\/td>\n<td>\u00c7ALGICI KED\u0130LER<\/td>\n<td>\u0130THAK\u0130<\/td>\n<td>\u20ba140,00<\/td>\n<\/tr>\n<tr>\n<td>3<\/td>\n<td>\u00c7ET\u0130N CEV\u0130Z<\/td>\n<td>FOM<\/td>\n<td>\u20ba132,00<\/td>\n<\/tr>\n<tr>\n<td>3<\/td>\n<td>G\u00dcNE\u015e\u0130 B\u0130LE TAM\u0130R EDEN ADAM<\/td>\n<td>G\u00dcN I\u015eI\u011eI<\/td>\n<td>\u20ba215,00<\/td>\n<\/tr>\n<tr>\n<td>3<\/td>\n<td>\u0130ZM\u0130R&#8217;\u0130N HAZ\u0130NELER\u0130<\/td>\n<td>YAKIN<\/td>\n<td>\u20ba155,00<\/td>\n<\/tr>\n<tr>\n<td>3<\/td>\n<td>\u00c7OCUKLAR VE TAV\u015eANLAR YE\u015e\u0130L SEVER<\/td>\n<td>YE\u015e\u0130L D\u0130NAZOR<\/td>\n<td>\u20ba210,00<\/td>\n<\/tr>\n<tr>\n<td>3<\/td>\n<td>M\u00dcZ\u0130\u011e\u0130N ABC S\u0130 2.B\u00d6L\u00dcM<\/td>\n<td>PORTEMEM<\/td>\n<td>\u20ba480,00<\/td>\n<\/tr>\n<tr>\n<td><\/td>\n<td><\/td>\n<td><strong>T\u00dcRK\u00c7E K\u0130TAP TOPLAMI<\/strong><\/td>\n<td><strong>\u20ba8.287,50<\/strong><\/td>\n<\/tr>\n<tr>\n<td><strong>SINIF<\/strong><\/td>\n<td><strong>ALMANCA SET K\u0130TAPLARI<\/strong><\/td>\n<td><\/td>\n<td><\/td>\n<\/tr>\n<tr>\n<td>3<\/td>\n<td>Deutschprofis A1\/2 Kursbuch+Arbeitsbuch<\/td>\n<td>Langenscheidt<\/td>\n<td>2.500,00<\/td>\n<\/tr>\n<tr>\n<td>3<\/td>\n<td>Der Gestiefelte Kater<\/td>\n<td>Neo Books<\/td>\n<td>320,00<\/td>\n<\/tr>\n<tr>\n<td>3<\/td>\n<td>Die sch\u00f6ne und das Biest\u00a0 2. d\u00f6n.<\/td>\n<td>Neo Books<\/td>\n<td>320,00<\/td>\n<\/tr>\n<tr>\n<td><\/td>\n<td><\/td>\n<td><strong>ALMANCA K\u0130TAP TOPLAMI<\/strong><\/td>\n<td><strong>\u20ba3.140,00<\/strong><\/td>\n<\/tr>\n<tr>\n<td><strong>SINIF<\/strong><\/td>\n<td><strong>\u0130NG\u0130L\u0130ZCE SET K\u0130TAPLARI<\/strong><\/td>\n<td><\/td>\n<td><\/td>\n<\/tr>\n<tr>\n<td>3<\/td>\n<td>BEEHIVE BRITISH 2 STARTER SB<\/td>\n<td><\/td>\n<td>2.680,00<\/td>\n<\/tr>\n<tr>\n<td>3<\/td>\n<td>BEEHIVE BRITISH 2 STARTER WB<\/td>\n<td><\/td>\n<td>1.980,00<\/td>\n<\/tr>\n<tr>\n<td><\/td>\n<td><\/td>\n<td><strong>\u0130NG\u0130L\u0130ZCE K\u0130TAP TOPLAMI<\/strong><\/td>\n<td><strong>\u20ba4.660,00<\/strong><\/td>\n<\/tr>\n<tr>\n<td><strong>SINIF<\/strong><\/td>\n<td><strong>D\u0130J\u0130TAL SETLER<\/strong><\/td>\n<td><\/td>\n<td><\/td>\n<\/tr>\n<tr>\n<td>3<\/td>\n<td>STEAM SET\u0130<\/td>\n<td><\/td>\n<td>790,00<\/td>\n<\/tr>\n<tr>\n<td>3<\/td>\n<td>MORPA KAMP\u00dcS<\/td>\n<td><\/td>\n<td>3.720,00<\/td>\n<\/tr>\n<tr>\n<td>3<\/td>\n<td>HAYAL B\u0130LG\u0130S\u0130 VE E\u011e\u0130T. S\u0130ST.D\u00dc\u015e\u00dcNCES\u0130<\/td>\n<td><\/td>\n<td>1.175,00<\/td>\n<\/tr>\n<tr>\n<td>3<\/td>\n<td>KODR\u0130S STUD\u0130O PAKET<\/td>\n<td><\/td>\n<td>1.699,00<\/td>\n<\/tr>\n<tr>\n<td>3<\/td>\n<td>Minti City (internet portal\u0131)<\/td>\n<td><\/td>\n<td>1.350,00<\/td>\n<\/tr>\n<tr>\n<td>3<\/td>\n<td>GLOBED ROSEN LEVELUP + ART SPOT<\/td>\n<td><\/td>\n<td>2.720,00<\/td>\n<\/tr>\n<tr>\n<td><\/td>\n<td><\/td>\n<td><strong>D\u0130J\u0130TAL SET TOPLAMI<\/strong><\/td>\n<td><strong>\u20ba11.454,00<\/strong><\/td>\n<\/tr>\n<tr>\n<td><\/td>\n<td><\/td>\n<td><\/td>\n<td><\/td>\n<\/tr>\n<tr>\n<td><\/td>\n<td><\/td>\n<td><\/td>\n<td><\/td>\n<\/tr>\n<\/tbody>\n<\/table>\n","protected":false},"excerpt":{"rendered":"<p>SINIF T\u00dcRK\u00c7E K\u0130TAPLARI YAYINEV\u0130 F\u0130YAT 3 HAYAT B\u0130LG\u0130S\u0130 DER\u0130N \u00d6\u011eRENME UYGUN \u20ba713,00 3 FEN B\u0130L\u0130MLER\u0130 DER\u0130N \u00d6\u011eRENME UYGUN \u20ba638,00 3 T\u00dcRK\u00c7E DER\u0130N \u00d6\u011eRENME 1 VE 2.C\u0130LT UYGUN \u20ba863,00 3 MATEMAT\u0130K DER\u0130N \u00d6\u011eRENME 1 VE 2 .C\u0130LT UYGUN \u20ba865,00 3 T\u00dcM DERSLER YANSITICI DE\u011eERLEND\u0130RME \u00c7ALI\u015eMALARI UYGUN \u20ba610,00 3 T\u00dcM DERSLER YANSITICI DE\u011eERLEND\u0130RME SINAVLARI UYGUN \u20ba860,00 3 [&hellip;]<\/p>\n","protected":false},"featured_media":2471,"template":"","meta":{"_acf_changed":false,"ocean_post_layout":"","ocean_both_sidebars_style":"","ocean_both_sidebars_content_width":0,"ocean_both_sidebars_sidebars_width":0,"ocean_sidebar":"","ocean_second_sidebar":"","ocean_disable_margins":"enable","ocean_add_body_class":"","ocean_shortcode_before_top_bar":"","ocean_shortcode_after_top_bar":"","ocean_shortcode_before_header":"","ocean_shortcode_after_header":"","ocean_has_shortcode":"","ocean_shortcode_after_title":"","ocean_shortcode_before_footer_widgets":"","ocean_shortcode_after_footer_widgets":"","ocean_shortcode_before_footer_bottom":"","ocean_shortcode_after_footer_bottom":"","ocean_display_top_bar":"default","ocean_display_header":"default","ocean_header_style":"","ocean_center_header_left_menu":"","ocean_custom_header_template":"","ocean_custom_logo":0,"ocean_custom_retina_logo":0,"ocean_custom_logo_max_width":0,"ocean_custom_logo_tablet_max_width":0,"ocean_custom_logo_mobile_max_width":0,"ocean_custom_logo_max_height":0,"ocean_custom_logo_tablet_max_height":0,"ocean_custom_logo_mobile_max_height":0,"ocean_header_custom_menu":"","ocean_menu_typo_font_family":"","ocean_menu_typo_font_subset":"","ocean_menu_typo_font_size":0,"ocean_menu_typo_font_size_tablet":0,"ocean_menu_typo_font_size_mobile":0,"ocean_menu_typo_font_size_unit":"px","ocean_menu_typo_font_weight":"","ocean_menu_typo_font_weight_tablet":"","ocean_menu_typo_font_weight_mobile":"","ocean_menu_typo_transform":"","ocean_menu_typo_transform_tablet":"","ocean_menu_typo_transform_mobile":"","ocean_menu_typo_line_height":0,"ocean_menu_typo_line_height_tablet":0,"ocean_menu_typo_line_height_mobile":0,"ocean_menu_typo_line_height_unit":"","ocean_menu_typo_spacing":0,"ocean_menu_typo_spacing_tablet":0,"ocean_menu_typo_spacing_mobile":0,"ocean_menu_typo_spacing_unit":"","ocean_menu_link_color":"","ocean_menu_link_color_hover":"","ocean_menu_link_color_active":"","ocean_menu_link_background":"","ocean_menu_link_hover_background":"","ocean_menu_link_active_background":"","ocean_menu_social_links_bg":"","ocean_menu_social_hover_links_bg":"","ocean_menu_social_links_color":"","ocean_menu_social_hover_links_color":"","ocean_disable_title":"default","ocean_disable_heading":"default","ocean_post_title":"","ocean_post_subheading":"","ocean_post_title_style":"","ocean_post_title_background_color":"","ocean_post_title_background":0,"ocean_post_title_bg_image_position":"","ocean_post_title_bg_image_attachment":"","ocean_post_title_bg_image_repeat":"","ocean_post_title_bg_image_size":"","ocean_post_title_height":0,"ocean_post_title_bg_overlay":0.5,"ocean_post_title_bg_overlay_color":"","ocean_disable_breadcrumbs":"default","ocean_breadcrumbs_color":"","ocean_breadcrumbs_separator_color":"","ocean_breadcrumbs_links_color":"","ocean_breadcrumbs_links_hover_color":"","ocean_display_footer_widgets":"default","ocean_display_footer_bottom":"default","ocean_custom_footer_template":"","omw_enable_modal_window":"enable"},"product_brand":[],"product_cat":[175,15],"product_tag":[176],"class_list":{"0":"post-3110","1":"product","2":"type-product","3":"status-publish","4":"has-post-thumbnail","6":"product_cat-3-sinif","7":"product_cat-genel","8":"product_tag-3-sinif","10":"entry","11":"has-media","13":"first","14":"instock","15":"taxable","16":"shipping-taxable","17":"purchasable","18":"product-type-simple","19":"col","20":"span_1_of_3","21":"owp-content-center","22":"owp-thumbs-layout-horizontal","23":"owp-btn-normal","24":"owp-tabs-layout-horizontal","25":"has-no-thumbnails"},"acf":[],"_links":{"self":[{"href":"https:\/\/kulkitabevi.com\/index.php\/wp-json\/wp\/v2\/product\/3110","targetHints":{"allow":["GET"]}}],"collection":[{"href":"https:\/\/kulkitabevi.com\/index.php\/wp-json\/wp\/v2\/product"}],"about":[{"href":"https:\/\/kulkitabevi.com\/index.php\/wp-json\/wp\/v2\/types\/product"}],"wp:featuredmedia":[{"embeddable":true,"href":"https:\/\/kulkitabevi.com\/index.php\/wp-json\/wp\/v2\/media\/2471"}],"wp:attachment":[{"href":"https:\/\/kulkitabevi.com\/index.php\/wp-json\/wp\/v2\/media?parent=3110"}],"wp:term":[{"taxonomy":"product_brand","embeddable":true,"href":"https:\/\/kulkitabevi.com\/index.php\/wp-json\/wp\/v2\/product_brand?post=3110"},{"taxonomy":"product_cat","embeddable":true,"href":"https:\/\/kulkitabevi.com\/index.php\/wp-json\/wp\/v2\/product_cat?post=3110"},{"taxonomy":"product_tag","embeddable":true,"href":"https:\/\/kulkitabevi.com\/index.php\/wp-json\/wp\/v2\/product_tag?post=3110"}],"curies":[{"name":"wp","href":"https:\/\/api.w.org\/{rel}","templated":true}]}}